{"id":252,"date":"2024-10-20T20:48:47","date_gmt":"2024-10-20T18:48:47","guid":{"rendered":"https:\/\/spsro.pl\/?page_id=252"},"modified":"2024-10-20T20:49:58","modified_gmt":"2024-10-20T18:49:58","slug":"bronislaw-piwowar","status":"publish","type":"page","link":"https:\/\/spsro.pl\/index.php\/internetowy-katalog-czlonkow-strazackiego-ruchu-oporu-skala\/bronislaw-piwowar\/","title":{"rendered":"Bronis\u0142aw Piwowar"},"content":{"rendered":"<div class=\"wp-block-image\">\n<figure class=\"aligncenter size-large is-resized\"><img loading=\"lazy\" decoding=\"async\" width=\"655\" height=\"1024\" src=\"https:\/\/spsro.pl\/wp-content\/uploads\/2024\/10\/Skan_20240311-\u2014-kopia-655x1024.jpg\" alt=\"\" class=\"wp-image-253\" style=\"width:246px;height:auto\" srcset=\"https:\/\/spsro.pl\/wp-content\/uploads\/2024\/10\/Skan_20240311-\u2014-kopia-655x1024.jpg 655w, https:\/\/spsro.pl\/wp-content\/uploads\/2024\/10\/Skan_20240311-\u2014-kopia-192x300.jpg 192w, https:\/\/spsro.pl\/wp-content\/uploads\/2024\/10\/Skan_20240311-\u2014-kopia-768x1200.jpg 768w, https:\/\/spsro.pl\/wp-content\/uploads\/2024\/10\/Skan_20240311-\u2014-kopia-983x1536.jpg 983w, https:\/\/spsro.pl\/wp-content\/uploads\/2024\/10\/Skan_20240311-\u2014-kopia.jpg 1043w\" sizes=\"auto, (max-width: 655px) 100vw, 655px\" \/><\/figure>\n<\/div>\n\n\n<p class=\"has-text-align-center\">ppor. po\u017c. Bronis\u0142aw Piwowar, fot. z lat 40. XX wieku.<br>Fot. Archiwum KG PSP<\/p>\n\n\n\n<p><strong>1. Imi\u0119 i nazwisko:&nbsp;<\/strong>Bronis\u0142aw Piwowar<\/p>\n\n\n\n<p><strong>2. Pseudonim:&nbsp;<\/strong>b.d.<\/p>\n\n\n\n<p><strong>3. Data i miejsce urodzenia:&nbsp;<\/strong>24.08.1910 r., Nowy S\u0105cz<\/p>\n\n\n\n<p><strong>4. Data i miejsce \u015bmierci:&nbsp;<\/strong>12.01.1944 r., K\u0142odne<\/p>\n\n\n\n<p><strong>5. Imiona rodzic\u00f3w<\/strong>: Wac\u0142aw, Cecylia Michalska<\/p>\n\n\n\n<p><strong>6. Wykszta\u0142cenie:<\/strong>&nbsp;5 klas gimnazjum, 6 klasa przerwana z powodu choroby ojca.<br>I kurs oficerski w Centralnej Szkole Po\u017carniczej w Warszawie \u2013 1943 r., lokata 30\/62<\/p>\n\n\n\n<p><strong>7. Stopie\u0144<\/strong>:<br><strong>a) w Wojsku Polskim:&nbsp;<\/strong>&#8211;<br><strong>b) w Stra\u017cy Po\u017carnej:&nbsp;<\/strong>podporucznik po\u017carnictwa (1943 r.)<\/p>\n\n\n\n<p><strong>8. Przebieg s\u0142u\u017cby:<\/strong><br><strong>a) przed 1939:<\/strong> Pod koniec 1927 r. rozpocz\u0105\u0142 prac\u0119 w kopalni w\u0119gla w Czechowicach-Dziedzicach, kt\u00f3r\u0105 zako\u0144czy\u0142 w kwietniu 1929 r. W maju 1929 r. rozpocz\u0105\u0142 praktyk\u0119 w biurze oddzia\u0142u powiatowego ZOSP w Nowym S\u0105czu oraz wst\u0105pi\u0142 do tamtejszej OSP. W okresie od 1.07.1931 r. (1.06.1931 r.) do 28.02.1937 r. s\u0142u\u017cy\u0142 w Zawodowej Stra\u017cy Po\u017carnej w Nowym S\u0105czu w charakterze podoficera, nast\u0119pnie od 1.03.1937 r. do 30.09.1937 r. s\u0142u\u017cy\u0142 w Portowej Stra\u017cy Po\u017carnej w Gdyni. 1.10.1937 r. powr\u00f3ci\u0142 do Nowego S\u0105cza, gdzie pe\u0142ni\u0142 s\u0142u\u017cb\u0119 zast\u0119pcy komendanta Zawodowej Stra\u017cy Po\u017carnej. Przed wybuchem wojny pe\u0142ni\u0142 funkcj\u0119 zast\u0119pcy referenta obrony przeciwlotniczej Nowego S\u0105cza, z tego tytu\u0142u przeprowadzi\u0142 15 kurs\u00f3w dla posterunk\u00f3w przeciwpo\u017carowych oraz 22 kursy dla pozosta\u0142ych s\u0142u\u017cb opl. Niezale\u017cnie od tego, od 1937 r. prowadzi\u0142 kursy z zakresu obrony przeciwpo\u017carowej dla szeregowych i podoficer\u00f3w 1 pu\u0142ku strzelc\u00f3w podhala\u0144skich. <br><strong>b) w latach 1939-1945:&nbsp;<\/strong>Brak informacji na temat udzia\u0142u w kampanii wrze\u015bniowej. 5.09.1939 r. na polecenie kpt. Franciszka Czerwi\u0144skiego z 1 psp, opu\u015bci\u0142 wraz ze stra\u017cakami Nowy S\u0105cz. Do miasta powr\u00f3ci\u0142 14.10.1939 r. i zaj\u0105\u0142 analogiczne stanowisko. 1.05.1943 r. zosta\u0142 mianowany II powiatowym instruktorem po\u017carnictwa w powiecie nowos\u0105deckim (<em>zweite Kreisfeuerwehrinstruktor in Neu-Sandez<\/em>) dla <em>Landkommissariat&nbsp;<\/em>Limanowa. W relacji L. Korzewnikjanca wymieniany jest jako <em>komendant stra\u017cactwa konspiracyjnego <\/em>w powiecie nowos\u0105deckim, jednak komendantem struktur &#8222;Ska\u0142y&#8221; w powiecie by\u0142 Stanis\u0142aw Mazan, nie wykluczone, \u017ce B. Piwowar pe\u0142ni\u0142 funkcj\u0119 zast\u0119pcy Mazana. Aresztowany 14\/15.11.1943 r., osadzony w wi\u0119zieniu w Nowym S\u0105czu oraz wi\u0119zieniu na Montelupich w Krakowie. Rozstrzelany przez Niemc\u00f3w w K\u0142odnem 12.01.1944 r.<br><strong>c) po 1945<\/strong>: &#8211;<\/p>\n\n\n\n<p><strong>9. Dzia\u0142alno\u015b\u0107 w ramach Stra\u017cackiego Ruchu Oporu \u201eSka\u0142a\u201d:<\/strong><br><strong>a) przydzia\u0142:&nbsp;<\/strong>IV Krakowski Okr\u0119g SRO<br><strong>b) pe\u0142nione funkcje:<\/strong> zast\u0119pca komendanta powiatowego &#8222;Ska\u0142y&#8221; w Nowym S\u0105czu (?)<\/p>\n\n\n\n<p><strong>10.&nbsp; Dzia\u0142alno\u015b\u0107 w ramach innych organizacji konspiracyjnych:<\/strong>&nbsp;nd.<\/p>\n\n\n\n<p><strong>11. Formy upami\u0119tnienia:&nbsp;<\/strong>Upami\u0119tniony na tablicy przy OSP w Starym S\u0105czu oraz w K\u0142odnem.<\/p>\n\n\n\n<p><strong>12. Odznaczenia:&nbsp;<\/strong>Krzy\u017c Partyzancki (1949 r.?)<\/p>\n\n\n\n<p><strong>13. Bibliografia<\/strong><br>Archiwa:<br>Archiwum KG PSP,  <em>akta osobowe sygn<\/em>., Archiwum Muzeum Powstania Warszawskiego, L. Korzewnikjanc,<em> Relacja z powo\u0142ania konspiracyjnej organizacji Wojskowej pod nazw\u0105 Stra\u017cacki Ruch Oporu &#8222;Ska\u0142a&#8221;<\/em>, mps., Warszawa 1966 r. w: <em>Spu\u015bcizna po Januszu Wi\u015bniewskim, sygn. P.7720<\/em><\/p>\n\n\n\n<p>Publikacje:<br>M. Mantyka, <em>Dzieje Krakowskiego Zwi\u0105zku Stra\u017cy Po\u017carnych w latach 1923-1950<\/em>, Krak\u00f3w 2008 r., str. 144; St. D\u0105browa-Kostka, <em>Hitlerowskie afisze \u015bmierci<\/em>, Krak\u00f3w 1983 r., str. 172, 203, 378, 379; St. Biele\u0144, B. Kwiatkowska-Basa\u0142aj, J. Pietrzak-Krekora, M. Pie\u0144kowska, A. Sarna, H. Turska, M. Zdanowski,\u00a0<em>Tradycje Szko\u0142y G\u0142\u00f3wnej Po\u017carniczej: monografia systemu kszta\u0142cenia oficer\u00f3w kadr po\u017carniczych 1939-1989,<\/em>\u00a0Warszawa 1989 r., str.\u00a028; J. \u0141amaszewski, W\u0142. Pilawski, <em>Ksi\u0119ga pami\u0119ci funkcjonariuszy po\u017carnictwa i stra\u017cak\u00f3w ochotnik\u00f3w 1939-1945<\/em>, Warszawa 1986 r., str. 153; J. Bieniek, <em>Nowos\u0105decka &#8222;Ska\u0142a&#8221; <\/em>w: <em>Rocznik S\u0105decki <\/em>T. X-XI, Nowy S\u0105cz 1969\/70, str. 378, 380, 382, 383-385; P. Matusak, <em>Stra\u017c Po\u017carna. Warszawskie Termopile 1939-1945<\/em>, Warszawa, 2014 r., str. 132, 151, 154;<\/p>\n\n\n\n<p>Opr. A. Stefaniak-Guzik<\/p>\n","protected":false},"excerpt":{"rendered":"<p>ppor. po\u017c. Bronis\u0142aw Piwowar, fot. z lat 40. XX wieku.Fot. Archiwum KG PSP 1. Imi\u0119 i nazwisko:&nbsp;Bronis\u0142aw Piwowar 2. Pseudonim:&nbsp;b.d&#8230;.<\/p>\n","protected":false},"author":1,"featured_media":0,"parent":44,"menu_order":0,"comment_status":"closed","ping_status":"closed","template":"","meta":{"footnotes":""},"class_list":["post-252","page","type-page","status-publish","hentry"],"_links":{"self":[{"href":"https:\/\/spsro.pl\/index.php\/wp-json\/wp\/v2\/pages\/252","targetHints":{"allow":["GET"]}}],"collection":[{"href":"https:\/\/spsro.pl\/index.php\/wp-json\/wp\/v2\/pages"}],"about":[{"href":"https:\/\/spsro.pl\/index.php\/wp-json\/wp\/v2\/types\/page"}],"author":[{"embeddable":true,"href":"https:\/\/spsro.pl\/index.php\/wp-json\/wp\/v2\/users\/1"}],"replies":[{"embeddable":true,"href":"https:\/\/spsro.pl\/index.php\/wp-json\/wp\/v2\/comments?post=252"}],"version-history":[{"count":2,"href":"https:\/\/spsro.pl\/index.php\/wp-json\/wp\/v2\/pages\/252\/revisions"}],"predecessor-version":[{"id":259,"href":"https:\/\/spsro.pl\/index.php\/wp-json\/wp\/v2\/pages\/252\/revisions\/259"}],"up":[{"embeddable":true,"href":"https:\/\/spsro.pl\/index.php\/wp-json\/wp\/v2\/pages\/44"}],"wp:attachment":[{"href":"https:\/\/spsro.pl\/index.php\/wp-json\/wp\/v2\/media?parent=252"}],"curies":[{"name":"wp","href":"https:\/\/api.w.org\/{rel}","templated":true}]}}