{"id":299,"date":"2024-12-02T00:49:47","date_gmt":"2024-12-01T23:49:47","guid":{"rendered":"https:\/\/spsro.pl\/?page_id=299"},"modified":"2024-12-04T22:51:30","modified_gmt":"2024-12-04T21:51:30","slug":"lopuszna","status":"publish","type":"page","link":"https:\/\/spsro.pl\/index.php\/o-skale\/miejsca-pamieci\/wojewodztwo-malopolskie\/lopuszna\/","title":{"rendered":"\u0141opuszna"},"content":{"rendered":"\n<p><strong>Cmentarz Parafialny w \u0141opusznej<\/strong><br><strong>Ul. Przerwy-Tetmajera 16, 34-432 \u0141opuszna<\/strong><\/p>\n\n\n\n<p class=\"has-text-align-center\"><strong>Symboliczny gr\u00f3b p\u0142k-a po\u017c. <a href=\"https:\/\/spsro.pl\/index.php\/internetowy-katalog-czlonkow-strazackiego-ruchu-oporu-skala\/jerzy-lgocki\/\" data-type=\"page\" data-id=\"147\">Jerzego Lgockiego<\/a><\/strong><\/p>\n\n\n\n<figure class=\"wp-block-image size-large\"><img loading=\"lazy\" decoding=\"async\" width=\"1024\" height=\"768\" src=\"https:\/\/spsro.pl\/wp-content\/uploads\/2024\/12\/Symboliczny_grob_Lgockiego_na_cmentarzu_w_Lopusznej-1024x768.jpg\" alt=\"\" class=\"wp-image-309\" srcset=\"https:\/\/spsro.pl\/wp-content\/uploads\/2024\/12\/Symboliczny_grob_Lgockiego_na_cmentarzu_w_Lopusznej-1024x768.jpg 1024w, https:\/\/spsro.pl\/wp-content\/uploads\/2024\/12\/Symboliczny_grob_Lgockiego_na_cmentarzu_w_Lopusznej-300x225.jpg 300w, https:\/\/spsro.pl\/wp-content\/uploads\/2024\/12\/Symboliczny_grob_Lgockiego_na_cmentarzu_w_Lopusznej-768x576.jpg 768w, https:\/\/spsro.pl\/wp-content\/uploads\/2024\/12\/Symboliczny_grob_Lgockiego_na_cmentarzu_w_Lopusznej-800x600.jpg 800w, https:\/\/spsro.pl\/wp-content\/uploads\/2024\/12\/Symboliczny_grob_Lgockiego_na_cmentarzu_w_Lopusznej-1200x900.jpg 1200w, https:\/\/spsro.pl\/wp-content\/uploads\/2024\/12\/Symboliczny_grob_Lgockiego_na_cmentarzu_w_Lopusznej.jpg 1280w\" sizes=\"auto, (max-width: 1024px) 100vw, 1024px\" \/><\/figure>\n","protected":false},"excerpt":{"rendered":"<p>Cmentarz Parafialny w \u0141opusznejUl. Przerwy-Tetmajera 16, 34-432 \u0141opuszna Symboliczny gr\u00f3b p\u0142k-a po\u017c. Jerzego Lgockiego<\/p>\n","protected":false},"author":1,"featured_media":0,"parent":284,"menu_order":0,"comment_status":"closed","ping_status":"closed","template":"","meta":{"footnotes":""},"class_list":["post-299","page","type-page","status-publish","hentry"],"_links":{"self":[{"href":"https:\/\/spsro.pl\/index.php\/wp-json\/wp\/v2\/pages\/299","targetHints":{"allow":["GET"]}}],"collection":[{"href":"https:\/\/spsro.pl\/index.php\/wp-json\/wp\/v2\/pages"}],"about":[{"href":"https:\/\/spsro.pl\/index.php\/wp-json\/wp\/v2\/types\/page"}],"author":[{"embeddable":true,"href":"https:\/\/spsro.pl\/index.php\/wp-json\/wp\/v2\/users\/1"}],"replies":[{"embeddable":true,"href":"https:\/\/spsro.pl\/index.php\/wp-json\/wp\/v2\/comments?post=299"}],"version-history":[{"count":3,"href":"https:\/\/spsro.pl\/index.php\/wp-json\/wp\/v2\/pages\/299\/revisions"}],"predecessor-version":[{"id":371,"href":"https:\/\/spsro.pl\/index.php\/wp-json\/wp\/v2\/pages\/299\/revisions\/371"}],"up":[{"embeddable":true,"href":"https:\/\/spsro.pl\/index.php\/wp-json\/wp\/v2\/pages\/284"}],"wp:attachment":[{"href":"https:\/\/spsro.pl\/index.php\/wp-json\/wp\/v2\/media?parent=299"}],"curies":[{"name":"wp","href":"https:\/\/api.w.org\/{rel}","templated":true}]}}