{"id":64,"date":"2024-09-30T21:06:26","date_gmt":"2024-09-30T19:06:26","guid":{"rendered":"https:\/\/spsro.pl\/?page_id=64"},"modified":"2024-10-15T00:28:19","modified_gmt":"2024-10-14T22:28:19","slug":"jak-zostac-czlonkiem","status":"publish","type":"page","link":"https:\/\/spsro.pl\/index.php\/jak-zostac-czlonkiem\/","title":{"rendered":"Jak zosta\u0107 cz\u0142onkiem"},"content":{"rendered":"\n<p>W my\u015bl postanowie\u0144 Statutu <strong>cz\u0142onkiem nadzwyczajnym<\/strong> Stowarzyszenia mo\u017ce zosta\u0107 pe\u0142noletnia osoba fizyczna (lub w wieku co najmniej 16 lat za zgod\u0105 wiedz\u0105 i opiekun\u00f3w prawnych), kt\u00f3ra jest przedstawicielem rodzin cz\u0142onk\u00f3w Stra\u017cackiego Ruchu Oporu lub uznaje warto\u015bci i uto\u017csamia si\u0119 z etosem i przes\u0142aniem ideowym &#8222;Ska\u0142y&#8221;.<\/p>\n\n\n\n<p><strong>Cz\u0142onkiem zwyczajnym <\/strong>mo\u017ce zosta\u0107 cz\u0142onek nadzwyczajny po rocznym okresie cz\u0142onkostwa, kt\u00f3ry wykazuje si\u0119 szczeg\u00f3lnymi osi\u0105gni\u0119ciami w realizacji cel\u00f3w statutowych Stowarzyszenia.<\/p>\n\n\n\n<p><strong>Cz\u0142onkiem wspieraj\u0105cym <\/strong>mo\u017ce zosta\u0107 osoba prawna lub fizyczna, kt\u00f3ra materialnie,<br>organizacyjnie lub w inny spos\u00f3b wspiera cele statutowe Stowarzyszenia.&nbsp;&nbsp;&nbsp;&nbsp;&nbsp;&nbsp;&nbsp;&nbsp;&nbsp;&nbsp; <\/p>\n\n\n\n<p>Przyj\u0119cie do Stowarzyszenia nast\u0119puje na podstawie pisemnej deklaracji cz\u0142onkowskiej. Do przyj\u0119cia wymagana jest rekomendacja 2 cz\u0142onk\u00f3w zwyczajnych.<\/p>\n\n\n\n<p><strong>Wpisowe <\/strong>do Stowarzyszenia wynosi <strong>50 z\u0142. <\/strong>Kwota ta przeznaczona jest na przygotowanie legitymacji, odznaki oraz wszelkich niezb\u0119dnych spraw ewidencyjnych. <strong>Roczna sk\u0142adka cz\u0142onkowska<\/strong> dla cz\u0142onk\u00f3w zwyczajnych i nadzwyczajnych wynosi <strong>50 z\u0142.<\/strong><\/p>\n\n\n\n<p>Kwestie przyjmowania cz\u0142onk\u00f3w oraz sk\u0142adek zosta\u0142y uregulowane na mocy Uchwa\u0142y Nadzwyczajnego Zjazdu Delegat\u00f3w Stowarzyszenia nr 6\/24 z dnia 1.03.2024 r. <em>w sprawie szczeg\u00f3\u0142owych zasad przyjmowania cz\u0142onk\u00f3w <\/em>oraz Uchwa\u0142y nr 7\/24 z dnia 1.03.2024 r. <em><em>w sprawie ustalenia wysoko\u015bci sk\u0142adki cz\u0142onkowskiej i wpisowego, zasad zwalniania od obowi\u0105zku zap\u0142aty sk\u0142adki oraz odpowiedzialno\u015bci za uchylanie si\u0119 od uiszczania sk\u0142adki cz\u0142onkowskiej ustalonej na postawie niniejszej uchwa\u0142y.<\/em><\/em><\/p>\n\n\n\n<div data-wp-interactive=\"core\/file\" class=\"wp-block-file\"><object data-wp-bind--hidden=\"!state.hasPdfPreview\" hidden class=\"wp-block-file__embed\" data=\"https:\/\/spsro.pl\/wp-content\/uploads\/2024\/10\/DEKLARACJA-A3.pdf\" type=\"application\/pdf\" style=\"width:100%;height:600px\" aria-label=\"Osadzone z DEKLARACJA A3.\"><\/object><a id=\"wp-block-file--media-c3c7ee4e-dd4f-4dd9-b162-451f8d1f84e2\" href=\"https:\/\/spsro.pl\/wp-content\/uploads\/2024\/10\/DEKLARACJA-A3.pdf\">DEKLARACJA A3<\/a><a href=\"https:\/\/spsro.pl\/wp-content\/uploads\/2024\/10\/DEKLARACJA-A3.pdf\" class=\"wp-block-file__button wp-element-button\" download aria-describedby=\"wp-block-file--media-c3c7ee4e-dd4f-4dd9-b162-451f8d1f84e2\">Pobierz<\/a><\/div>\n\n\n\n<div data-wp-interactive=\"core\/file\" class=\"wp-block-file\"><object data-wp-bind--hidden=\"!state.hasPdfPreview\" hidden class=\"wp-block-file__embed\" data=\"https:\/\/spsro.pl\/wp-content\/uploads\/2024\/10\/UCHWALA-NR-6.24-W-SPRAWIE-SZCZEGOLOWYCH-ZASAD-PRZYJMOWANIA-CZLONKOW-2.pdf\" type=\"application\/pdf\" style=\"width:100%;height:600px\" aria-label=\"Osadzone z UCHWA\u0141A NR 6.24 W SPRAWIE SZCZEG\u00d3\u0141OWYCH ZASAD PRZYJMOWANIA CZ\u0141ONK\u00d3W.\"><\/object><a id=\"wp-block-file--media-343298e2-62fa-42a3-a3ae-9fd1d66c7aca\" href=\"https:\/\/spsro.pl\/wp-content\/uploads\/2024\/10\/UCHWALA-NR-6.24-W-SPRAWIE-SZCZEGOLOWYCH-ZASAD-PRZYJMOWANIA-CZLONKOW-2.pdf\">UCHWA\u0141A NR 6.24 W SPRAWIE SZCZEG\u00d3\u0141OWYCH ZASAD PRZYJMOWANIA CZ\u0141ONK\u00d3W<\/a><a href=\"https:\/\/spsro.pl\/wp-content\/uploads\/2024\/10\/UCHWALA-NR-6.24-W-SPRAWIE-SZCZEGOLOWYCH-ZASAD-PRZYJMOWANIA-CZLONKOW-2.pdf\" class=\"wp-block-file__button wp-element-button\" download aria-describedby=\"wp-block-file--media-343298e2-62fa-42a3-a3ae-9fd1d66c7aca\">Pobierz<\/a><\/div>\n\n\n\n<div data-wp-interactive=\"core\/file\" class=\"wp-block-file\"><object data-wp-bind--hidden=\"!state.hasPdfPreview\" hidden class=\"wp-block-file__embed\" data=\"https:\/\/spsro.pl\/wp-content\/uploads\/2024\/10\/UCHWALA-NR-7.24-W-SPRAWIE-WYSOKOSCI-SKLADEK-1.pdf\" type=\"application\/pdf\" style=\"width:100%;height:600px\" aria-label=\"Osadzone z UCHWA\u0141A NR 7.24 W SPRAWIE WYSOKO\u015aCI SK\u0141ADEK....\"><\/object><a id=\"wp-block-file--media-eb7241ce-28d3-41b9-99d4-61c83573c5ba\" href=\"https:\/\/spsro.pl\/wp-content\/uploads\/2024\/10\/UCHWALA-NR-7.24-W-SPRAWIE-WYSOKOSCI-SKLADEK-1.pdf\">UCHWA\u0141A NR 7.24 W SPRAWIE WYSOKO\u015aCI SK\u0141ADEK&#8230;<\/a><a href=\"https:\/\/spsro.pl\/wp-content\/uploads\/2024\/10\/UCHWALA-NR-7.24-W-SPRAWIE-WYSOKOSCI-SKLADEK-1.pdf\" class=\"wp-block-file__button wp-element-button\" download aria-describedby=\"wp-block-file--media-eb7241ce-28d3-41b9-99d4-61c83573c5ba\">Pobierz<\/a><\/div>\n","protected":false},"excerpt":{"rendered":"<p>W my\u015bl postanowie\u0144 Statutu cz\u0142onkiem nadzwyczajnym Stowarzyszenia mo\u017ce zosta\u0107 pe\u0142noletnia osoba fizyczna (lub w wieku co najmniej 16 lat za&#8230;<\/p>\n","protected":false},"author":1,"featured_media":0,"parent":0,"menu_order":0,"comment_status":"closed","ping_status":"closed","template":"","meta":{"footnotes":""},"class_list":["post-64","page","type-page","status-publish","hentry"],"_links":{"self":[{"href":"https:\/\/spsro.pl\/index.php\/wp-json\/wp\/v2\/pages\/64","targetHints":{"allow":["GET"]}}],"collection":[{"href":"https:\/\/spsro.pl\/index.php\/wp-json\/wp\/v2\/pages"}],"about":[{"href":"https:\/\/spsro.pl\/index.php\/wp-json\/wp\/v2\/types\/page"}],"author":[{"embeddable":true,"href":"https:\/\/spsro.pl\/index.php\/wp-json\/wp\/v2\/users\/1"}],"replies":[{"embeddable":true,"href":"https:\/\/spsro.pl\/index.php\/wp-json\/wp\/v2\/comments?post=64"}],"version-history":[{"count":3,"href":"https:\/\/spsro.pl\/index.php\/wp-json\/wp\/v2\/pages\/64\/revisions"}],"predecessor-version":[{"id":206,"href":"https:\/\/spsro.pl\/index.php\/wp-json\/wp\/v2\/pages\/64\/revisions\/206"}],"wp:attachment":[{"href":"https:\/\/spsro.pl\/index.php\/wp-json\/wp\/v2\/media?parent=64"}],"curies":[{"name":"wp","href":"https:\/\/api.w.org\/{rel}","templated":true}]}}